ctor of y and 4.
4
Let g = 4 + -2. Suppose -2*l - 4*k = 16, -g*l = 3*k + 11 - 0. Calculate the greatest common divisor of l and 1.
1
Suppose m = 6*k - 2*k - 873, 0 = 4*k - 4*m - 888. What is the greatest common factor of 7 and k?
7
Suppose -161 = -5*j + 664. Let o(l) = -l**2 - 15*l + 1. Let w be o(-14). Calculate the greatest common factor of w and j.
15
Suppose -4*y = 96 - 536. Suppose -5*t + 2*p = -202, -t + 4*t - 4*p = y. Calculate the greatest common divisor of t and 63.
21
Let p = 387 + -222. Suppose 3*g - 31 - 14 = 0. What is the greatest common factor of g and p?
15
Suppose 3*l - 4*c = -1, 2*c - 4 = -5*l + 3*c. Let v be 2 + -3*l - -27. What is the greatest common factor of 39 and v?
13
Suppose 4*w - 12 = -2*w. Suppose -h - 51 = -3*h + 5*s, -h = s - 15. Calculate the highest common divisor of w and h.
2
Let l(c) = -c**3 + 6*c**2 - 3*c + 4. Let j be l(4). Let n(x) = x**3 - 2*x**2 - 3*x + 3. Let f be n(3). Calculate the highest common divisor of j and f.
3
Let y be ((-9)/(-2))/((-1)/(-40)). Let k = -54 + 74. What is the highest common divisor of y and k?
20
Let l be 13 - -2 - 4/4. Calculate the highest common divisor of 112 and l.
14
Suppose 0 = q - 12 - 30. Suppose 0 = -2*m + c + 7, -3*c = -3*m + 2 + 1. Calculate the highest common divisor of m and q.
6
Suppose 3*i - 414 = 27. What is the highest common factor of 98 and i?
49
Suppose -18*o + 15*o + 9 = 0. What is the highest common factor of 6 and o?
3
Let z(w) = w**2 - 5*w + 4. Let k be z(11). Suppose -2*x - 11 - 23 = -2*a, -x - 73 = -5*a. What is the highest common factor of a and k?
14
Suppose -5*r + 33 = -12. Suppose -2*c + 2*d = -16, 3*d + 5 = c - r. Calculate the highest common factor of c and 1.
1
Suppose 5*d + 63 = -27. Let o be ((-10)/3)/(12/d). What is the highest common factor of o and 40?
5
Let a(d) = d**3 - 4*d**2 - 3*d + 3. Let f(n) = 2*n - 10. Let y be f(7). Let x be a(y). Let b be 2/x - (-83)/9. Calculate the highest common divisor of b and 45.
9
Let c = -20 + 25. Let y be (-4)/c*375/(-10). What is the highest common divisor of y and 20?
10
Suppose -4*o + 24 = -2*a + 6*a, 3*a - 5*o = 26. Suppose -a = 2*g - 3*g. Calculate the highest common factor of g and 49.
7
Let a = 11 + -6. Suppose -3 = 4*t + a. Let y be (11/(-2))/(t/20). Calculate the greatest common factor of y and 11.
11
Let i be 358/10 + 1/5. Calculate the greatest common factor of i and 90.
18
Suppose -6*z = 6*z - 504. Calculate the highest common divisor of z and 42.
42
Let q be 2 + -6*(-4)/3. Suppose 5*s = -5*r + 110, -s + 2 = -0. Let h be (-103)/(-5) - 12/r. Calculate the highest common divisor of q and h.
10
Let u be -1 + 64/2 + 0. Calculate the highest common divisor of u and 186.
31
Let r = 10 - 2. Let j = 16 - r. Let h = 20 - 12. What is the greatest common divisor of j and h?
8
Let i be (-14)/(-63) + 454/(-18). Let f = i - -43. What is the greatest common factor of 9 and f?
9
Let u be 106/22 - (-4)/22. Calculate the highest common divisor of 2 and u.
1
Let d be -1*(1 - 2)*3. Suppose -5*i + 23 = 4*z, 0 = d*i - 0*i - 9. Suppose 4*u + 5 = 5*o, -z*u + u = 4*o - 25. What is the highest common factor of u and 55?
5
Suppose 0 = -0*d - d - 2*m + 17, 16 = 4*d - 5*m. Calculate the greatest common factor of 9 and d.
9
Let g(t) = t**3 + 7*t**2 - 12*t - 9. Let s be g(-8). Calculate the highest common divisor of s and 23.
23
Suppose -2*k = 5*t - 96, -4*k + 166 = -0*k - 3*t. What is the highest common factor of k and 43?
43
Let o(w) = -19*w - 82. Let v be o(-5). Calculate the greatest common factor of 104 and v.
13
Suppose -2*q - 590 = -5*o, 3*q = o - 0*q - 105. What is the highest common factor of 15 and o?
15
Let a = -6 - -11. Suppose 35 = 4*s + 11. Suppose 55 = 3*v - 5*g, -61 = 3*v - s*v - g. What is the highest common divisor of v and a?
5
Let y(r) = -r**3 - 6*r**2 - 6*r + 4. Let v be y(-5). Suppose -4*m + t + 31 = 0, -3*m = m - 2*t - 26. What is the greatest common factor of m and v?
9
Let g(v) = 7*v + 3. Let d be (9/(-15))/((-3)/15). Let a be g(d). Suppose m - 5 = -1. What is the greatest common divisor of m and a?
4
Let a be (-3 + -1)*(1 + -2). Let w = a + -1. Suppose -14 = -5*b + w*b. What is the highest common factor of b and 1?
1
Suppose 0 = -2*s - 2*g, 0*s - 4*s = 3*g - 4. Let m = s + -1. Suppose 16 = -2*c + m*c. Calculate the highest common factor of 112 and c.
16
Let x = 19 + -11. Let w be ((-52)/(-6))/(x/12). What is the highest common divisor of w and 26?
13
Suppose 111 = 3*x + 5*z - 2*z, 4*x - 108 = 4*z. Calculate the highest common factor of x and 8.
8
Let z be (-1)/((-4)/(-6))*-2. Let y(a) = -a**2 + 15*a - 45. Let k be y(6). What is the greatest common divisor of z and k?
3
Suppose -2*y - 68 = -4*y. Calculate the highest common divisor of 51 and y.
17
Suppose -2*s - 4*s + 30 = 0. What is the greatest common divisor of s and 5?
5
Let u(a) = -54*a. Let l be (-3)/(-1) - (13 + -8). Let x be u(l). Let w = 42 - 30. Calculate the highest common factor of x and w.
12
Let k = -17 - -65. What is the highest common factor of 3 and k?
3
Let p(t) = 3*t - 3. Let g be (2/6)/((-5)/(-60)). Let y be p(g). Calculate the highest common factor of 27 and y.
9
Let h(y) = -7*y + 1. Let b be h(-2). What is the greatest common factor of 10 and b?
5
Let p(c) = -4*c + 5. Suppose 0 = -5*v - n - 3 + 22, -3*v = 2*n - 17. Let m be 5*(-1 - v/(-15)). Let x be p(m). What is the greatest common divisor of x and 14?
7
Let r = -24 + 27. Calculate the highest common factor of r and 2.
1
Let w(b) = b**3 - 7*b**2 + 7*b - 2. Let d be w(6). Suppose 5*f - 50 = d*f. Calculate the highest common divisor of 5 and f.
5
Let i(x) = 6*x - 7. Let o be i(5). Calculate the highest common factor of 46 and o.
23
Let d = 317 + -202. Calculate the greatest common factor of d and 46.
23
Let p = -112 - -132. Suppose 402 = -5*i + 1202. Calculate the highest common divisor of i and p.
20
Let l(s) = 4*s + 4. Let v(h) = h**2 - h + 2. Let m be v(2). Let y be l(m). What is the greatest common factor of y and 100?
20
Let p(c) = 2*c**2 + 6*c. Let j = 2 - -3. Let w be p(j). Calculate the greatest common divisor of 10 and w.
10
Let u(i) = 5*i**2 + 2*i + 1. Let h be u(-3). Suppose -2*l - 6*g + 32 = -2*g, 0 = -3*g. What is the highest common divisor of h and l?
8
Let k = -20 + 41. Let h = -17 + k. Suppose 4*a + 2*c - 10 = 0, -7*a + 2*a - 5*c + 20 = 0. Calculate the greatest common factor of a and h.
1
Suppose -3*t - t = -24. Calculate the highest common factor of t and 6.
6
Let d(q) = -q**2 - 8*q - 7. Let g be d(-6). Let o(j) = 12 - g + j + 15. Let n be o(-9). Calculate the greatest common divisor of n and 143.
13
Suppose -1 = 3*r + 4*w - 13, 6 = 2*r + 2*w. Suppose 600 = 5*j + k + 4*k, 2*j - 2*k - 228 = r. What is the greatest common divisor of 13 and j?
13
Suppose 0*h - 33 = -3*h. What is the greatest common divisor of 77 and h?
11
Let x be (0/4 + (-8)/10)*-95. Calculate the highest common divisor of x and 19.
19
Let j be 2/(-2) - (-6 + -5). Let c = j - -1. Let y = 62 - -59. Calculate the greatest common divisor of y and c.
11
Let q be (1 + -16)*3/(-5). Suppose 40 = 4*y + 4. What is the highest common divisor of y and q?
9
Suppose 3*z - 17 - 19 = 0. Let u(b) = 6*b**2 + b + 3. Let i be u(3). Calculate the greatest common divisor of i and z.
12
Let n be 1 + 10/(1 + 0). Suppose 7 = h - 4*z, -24 = -2*h - 3*z + z. What is the greatest common divisor of h and n?
11
Let m be ((-10)/(-6)*6)/2. Calculate the highest common divisor of 55 and m.
5
Let z be (30/8)/(54/144). What is the greatest common divisor of 50 and z?
10
Let v = -104 - -132. Calculate the highest common divisor of v and 70.
14
Let f(v) = 2*v**2 + 2*v. Let y be f(-2). Let k = 0 + 1. Let o be 0 + 8/(3 - k). Calculate the highest common factor of y and o.
4
Suppose -2*t - 1 = -13. Suppose 7*u = 6*u + 62. Let d = u + -8. Calculate the greatest common divisor of d and t.
6
Let u = 22 + -16. Let w = 1 + -5. Let y(v) = 4*v**2 + 4*v + 6. Let f be y(w). What is the greatest common divisor of u and f?
6
Let u(l) = -19*l - 1. Suppose c = 2 - 13. Let n = c + 10. Let b be u(n). Calculate the highest common divisor of 126 and b.
18
Suppose 5*r - 82 = -4*q + 5*q, 2*r + 2*q - 28 = 0. Let g(k) = -k**3 - 17*k**2 - 21*k - 56. Let i be g(-16). What is the highest common factor of r and i?
8
Let o be 186/6 - 3/(-3). Calculate the